er?
True
Is 9239 a prime number?
True
Is 2392057 a composite number?
False
Is 6007 a prime number?
True
Is 8209 a composite number?
False
Is 1393831 a prime number?
True
Is 26891 prime?
True
Is 2155 a prime number?
False
Is 567667 a composite number?
False
Is 74639 a composite number?
True
Is 3593 a composite number?
False
Is 4547 a composite number?
False
Is 1115 a composite number?
True
Is 96319 prime?
False
Is 10015 a composite number?
True
Is 794641 a prime number?
True
Is 22205 a composite number?
True
Is 8663 a composite number?
False
Is 6803 a composite number?
False
Is 188431 prime?
True
Is 71399 a prime number?
True
Is 15437 a composite number?
True
Is 5209279 composite?
False
Is 95549 a composite number?
False
Is 3418 prime?
False
Is 25478 a prime number?
False
Is 152953 prime?
True
Is 24329 a composite number?
False
Is 93419 a composite number?
False
Is 17569 prime?
True
Is 18923 composite?
True
Is 714817 prime?
False
Is 1561 composite?
True
Is 3647 composite?
True
Is 2537 composite?
True
Is 1583 composite?
False
Is 1481 a composite number?
False
Is 553793 composite?
True
Is 53771 prime?
False
Is 48961 a prime number?
False
Is 1171223 a prime number?
False
Is 9017 a prime number?
False
Is 432083 prime?
False
Is 5507 a composite number?
False
Is 129263 a composite number?
False
Is 9491 composite?
False
Is 9491 composite?
False
Is 8101 a prime number?
True
Is 144421 a composite number?
True
Is 1543 prime?
True
Is 745 composite?
True
Is 14737 a prime number?
True
Is 14969 a composite number?
False
Is 95809 a composite number?
True
Is 33457 composite?
False
Is 28349 a composite number?
False
Is 22583 a composite number?
True
Is 460289 a composite number?
False
Is 16253 a prime number?
True
Is 30971 a composite number?
False
Is 339289 a prime number?
True
Is 25433 prime?
False
Is 64219 prime?
False
Is 30047 composite?
False
Is 100407 composite?
True
Is 5731 prime?
False
Is 7081 a composite number?
True
Is 52249 prime?
True
Is 32771 prime?
True
Is 1266097 prime?
False
Is 10363 composite?
True
Is 7069 composite?
False
Is 116863 prime?
False
Is 35458 a composite number?
True
Is 787427 prime?
True
Is 597817 a prime number?
False
Is 167939 a composite number?
True
Is 77629 composite?
True
Is 6999 a prime number?
False
Is 12443 prime?
False
Is 1225501 a prime number?
True
Is 11657 a composite number?
False
Is 134279 a prime number?
False
Is 499009 a composite number?
True
Is 70271 prime?
True
Is 9529 a composite number?
True
Is 10261 a prime number?
False
Is 333407 composite?
True
Is 660787 composite?
False
Is 1882789 composite?
True
Is 31811 composite?
True
Is 7237 prime?
True
Is 543239 a prime number?
False
Is 1104001 composite?
True
Is 633 a prime number?
False
Is 1523 prime?
True
Is 684197 a composite number?
True
Is 311737 a prime number?
True
Is 63647 a prime number?
True
Is 9623 prime?
True
Is 10243 prime?
True
Is 5623 composite?
False
Is 12017 a prime number?
False
Is 2429 a composite number?
True
Is 31241 a prime number?
False
Is 90087 composite?
True
Is 1958603 a prime number?
True
Is 103 a composite number?
False
Is 190823 composite?
False
Is 779489 composite?
False
Is 109717 a prime number?
True
Is 40343 a composite number?
False
Is 1709 prime?
True
Is 12151 prime?
False
Is 18479 composite?
True
Is 17539 a prime number?
True
Is 54871 prime?
False
Is 587 composite?
False
Is 58703 prime?
False
Is 505709 prime?
True
Is 179671 a prime number?
True
Is 60861 prime?
False
Is 2441 composite?
False
Is 3427 composite?
True
Is 88211 composite?
False
Is 293071 a composite number?
False
Is 19373 a prime number?
True
Is 118733 composite?
True
Is 54709 a composite number?
False
Is 20977 a composite number?
True
Is 115201 a composite number?
False
Is 718973 prime?
True
Is 10753 prime?
True
Is 1540399 a composite number?
True
Is 2781059 a prime number?
True
Is 8117 a prime number?
True
Is 1707 composite?
True
Is 117511 prime?
True
Is 64747 prime?
True
Is 3079 prime?
True
Is 13649 a prime number?
True
Is 3163 a prime number?
True
Is 18287 a composite number?
False
Is 184057 a prime number?
True
Is 1259 composite?
False
Is 39499 prime?
True
Is 120299 a prime number?
True
Is 4783 a composite number?
False
Is 47707 composite?
True
Is 69143 prime?
True
Is 767677 a composite number?
False
Is 6769 a prime number?
False
Is 935599 a composite number?
True
Is 71471 composite?
False
Is 457471 prime?
False
Is 11821 composite?
False
Is 511079 prime?
False
Is 81611 a composite number?
False
Is 299605 a prime number?
False
Is 2165 composite?
True
Is 267827 a prime number?
False
Is 333071 a prime number?
True
Is 115339 a composite number?
True
Is 8651 a composite number?
True
Is 1093517 a composite number?
False
Is 7899 a prime number?
False
Is 68741 composite?
True
Is 1101523 composite?
True
Is 202907 prime?
True
Is 14501 a prime number?
False
Is 289657 a composite number?
False
Is 47467 a composite number?
True
Is 116849 a prime number?
True
Is 818105 a prime number?
False
Is 177 prime?
False
Is 798869 composite?
True
Is 8495 prime?
False
Is 138101 prime?
True
Is 106345 a composite number?
True
Is 70259 a composite number?
True
Is 21059 prime?
True
Is 4751 a composite number?
False
Is 26905 a composite number?
True
Is 67339 a prime number?
True
Is 58407 composite?
True
Is 24051 a composite number?
True
Is 4679 prime?
True
Is 977929 prime?
False
Is 55579 composite?
False
Is 10661 a composite number?
True
Is 8287 a prime number?
True
Is 2203 composite?
False
Is 104197 a composite number?
True
Is 103317 composite?
True
Is 177397 a composite number?
True
Is 2081 a composite number?
False
Is 1443019 prime?
False
Is 154138 composite?
True
Is 491273 composite?
False
Is 288289 a composite number?
True
Is 171291 prime?
False
Is 54751 prime?
True
Is 68451 a prime number?
False
Is 1118081 a prime number?
True
Is 346889 composite?
True
Is 126097 a composite number?
False
Is 17467 a composite number?
False
Is 1195 a composite number?
True
Is 137909 a prime number?
True
Is 752561 composite?
True
Is 7807 composite?
True
Is 1777 composite?
False
Is 14237 a composite number?
True
Is 70571 prime?
True
Is 44753 prime?
True
Is 3552767 prime?
False
Is 64063 a prime number?
True
Is 7509 a prime number?
False
Is 9727 composite?
True
Is 13853 composite?
True
Is 198443 a prime number?
False
Is 59611 a composite number?
False
Is 148573 prime?
True
Is 43465 prime?
False
Is 18607 composite?
True
Is 6803 a prime number?
True
Is 2500919 prime?
True
Is 10838 prime?
False
Is 112687 a prime number?
True
Is 13939 a prime number?
False
Is 2453 composite?
True
Is 1271957 a prime number?
False
Is 94993 a prime number?
True
Is 8369 a prime number?
True
Is 8329 a prime number?
True
Is 230973 composite?
True
Is 359239 composite?
True
Is 160933 composite?
False
Is 37581 composite?
True
Is 3493 a composite number?
True
Is 2056837 a prime number?
False
Is 2647 a composite number?
False
Is 118669 composite?
False
Is 3763 prime?
False
Is 51565 prime?
False
Is 1977 prime?
False
Is 4253 a prime number?
True
Is 5297 composite?
False
Is 4187 composite?
True
Is 3142079 a composite number?
False
Is 567217 a prime number?
False
Is 587 prime?
True
Is 11377 prime?
False
Is 286519 composite?
False
Is 14767 a composite number?
False
Is 109457 a composite number?
True
Is 9109 composite?
False
Is 109309 a prime number?
False
Is 139703 a composite number?
False
Is 1629359 a prime number?
True
Is 767 a prime number?
False
Is 120709 prime?
True
Is 10211 composite?
False
Is 651331 a prime number?
True
Is 29861 a composite number?
True
Is 82 composite?
True
Is 12813 composite?
True
Is 234941 composite?
True
Is 49429 a prime number?
True
Is 252137 prime?
False
Is 45943 prime?
True
Is 39067 a prime number?
False
Is 183871 prime?
True
Is 13371 composite?
True
Is 55589 a prime number?
True
Is 43511 composite?
True
Is 35981 a composite number?
True
Is 195445 a prime number?
False
Is 481813 a composite number?
False
Is 2899 composite?
True
Is 111029 prime?
True
Is 4163 prime?
False
Is 59743 a prime number?
True
Is 9379 a prime number?
False
Is 11027 a composite number?
False
Is 2257051 a prime number?
True
Is 33047 a prime number?
False
Is 47459 a composite number?
False
Is 16729 a composite number?
False
Is 69709 a composit